251 - i. Calculate the greatest common factor of k and n.
7
Let n(f) be the first derivative of -27*f**4/4 - 2*f**3/3 - 5*f**2/2 - 2*f + 163. Let x be n(-1). What is the highest common factor of x and 42?
14
Let u(k) = -6*k**2 + 15*k - 13. Let v be u(6). Let o = 146 + v. Calculate the highest common factor of o and 175.
7
Let d(l) be the second derivative of l**3/6 - 3*l**2 + 12*l. Let j be d(-10). Let i be 1/4*(-832)/j. What is the highest common divisor of i and 91?
13
Suppose 1625 = 43*r - 18*r. Calculate the greatest common divisor of 143 and r.
13
Let r = 31837 + -30967. Calculate the highest common divisor of 1410 and r.
30
Suppose 0 = 10*v - 15*v + 4*p + 843, 504 = 3*v - 3*p. Let u be (-345)/(-20) + 15/20. Calculate the greatest common divisor of v and u.
9
Suppose -365*o + 26829 = 1612 - 2523. What is the highest common factor of 70 and o?
2
Let v be 12/(-16)*-4 - 24. Let a = v + 25. Suppose -l + 41 = l - x, -l = a*x - 16. What is the greatest common divisor of l and 70?
10
Let t = 2783 + -2621. Calculate the greatest common factor of 42 and t.
6
Let s = -344 + 348. Suppose -117 = -s*q + 1359. What is the highest common factor of q and 9?
9
Suppose -2*x + 1749 = 9*x. Suppose t = 4*t + 96. Let v = 21 - t. What is the highest common factor of x and v?
53
Let k be (3159/2)/((-16)/(-32)). Let l be -3 - (k/(-52) + (-6)/(-8)). Calculate the greatest common divisor of 114 and l.
57
Let o(l) = -l**3 + 25*l**2 - 27*l - 21. Let n be (-25)/(-4)*4 - 2. Let h be o(n). Calculate the greatest common factor of h and 52.
52
Suppose -51*v = -44*v - 5838. What is the greatest common factor of v and 6?
6
Let r be (1040/6)/(21/(1008/(-608)) - -13). What is the greatest common divisor of 3835 and r?
65
Let k be (-2)/(2/(-48)*1). Let y be (-5 + 7)*(-2)/4. Let d(g) = -33*g**3 - g**2 - 2*g - 2. Let h be d(y). What is the greatest common divisor of k and h?
16
Let q = 1806 + 2659. Calculate the greatest common divisor of 190 and q.
95
Suppose -5*i + 4*d = 90, -5*i + d - 31 = 59. Let j be 0 - i - 20/(-10). Calculate the highest common factor of 160 and j.
20
Let i(d) = 5*d**2. Let u be i(1). Let x(p) = p**3 + 11*p**2 + 14*p - 7. Let z be x(-10). Let w = -32 - z. What is the highest common divisor of u and w?
5
Let z = -30 - -34. Suppose -z*o + 2 = -3*o. Suppose 72 = 4*r + o*r. Calculate the highest common factor of 60 and r.
12
Let h = 5940 - 5927. What is the highest common factor of 1664 and h?
13
Let n(k) = -10*k**3 - 28*k**2 - 158*k + 6. Let y be n(-4). Calculate the highest common factor of 15272 and y.
166
Suppose v + 6*s - 15591 = 0, -v + 9261 + 6310 = 2*s. Calculate the highest common divisor of v and 513.
171
Let l = -7443 + 19007. What is the highest common divisor of 944 and l?
236
Suppose -487 + 1311 = 6*i - 1420. Calculate the greatest common factor of 726 and i.
22
Let c be (-8 - -4 - -6)*-65. Let f be ((-3)/(-30) + (-9)/15)*c. Calculate the highest common divisor of 40 and f.
5
Suppose 20*t - 10958 - 2062 = 0. Calculate the highest common divisor of t and 93.
93
Let y(f) = f**3 + 2*f**2 - 20*f + 5781. Let s be y(0). What is the highest common factor of 141 and s?
141
Let b = -4860 + 5329. What is the highest common factor of 154 and b?
7
Let o = 96 + 569. What is the greatest common divisor of 105 and o?
35
Let i(u) = 6*u + 194. Let g be (1 + -21)/4 - (-38)/(-2). Let y be i(g). Let f(r) = -12*r - 9. Let k be f(-7). What is the greatest common divisor of y and k?
25
Let w(q) = -3*q**3 - 15*q**2 + 4*q + 21. Let t be w(-6). Let s(z) = 63*z - 3. Let f be s(1). What is the greatest common divisor of t and f?
15
Suppose 65 = 2*t + 3*t. Let x be (36/(-24))/(t/(-10) + 1). Suppose 2*y + 3 = 1, 2*y = x*w - 107. What is the greatest common factor of w and 3?
3
Suppose -74*c - 420 = -79*c. Calculate the highest common divisor of 3108 and c.
84
Suppose 109 - 865 = -21*y. Let w be -1 + (-2)/(-5) - (-2964)/65. What is the greatest common factor of w and y?
9
Let p = 4330 + -4266. Let i(g) = -3*g**3 + g - 3. Let f be i(-4). Suppose -d - 20 = 3*d, 0 = 5*r - 5*d - f. Calculate the greatest common divisor of r and p.
32
Suppose 3*a - 366 = 2*k, 17*a - 16*a - 122 = -5*k. What is the greatest common factor of 5246 and a?
122
Suppose 4*b = -5*b + 54. Let k be (-16)/(-20)*(-3)/b*-30. Suppose 4 = -2*y + k. What is the highest common factor of y and 12?
4
Let v be 18 - (-3 + 3 + 2). Let f be 46 - ((11 - (-10 + 9)) + (-6 - 0)). Calculate the greatest common divisor of v and f.
8
Let n be ((-133)/38)/((-2)/(-36)). Let o be (-4)/(-26) + 2518/26. Let w = o + n. Calculate the highest common divisor of w and 68.
34
Let w be 22 + (-144)/8 + -1 + 728. What is the highest common divisor of w and 43?
43
Let z be ((2/4)/(123/(-738)))/((-1)/972). What is the greatest common divisor of z and 36?
36
Suppose 0 = -g + 171 + 373. Let u be 96/(-9)*(-3)/2. Calculate the highest common divisor of g and u.
16
Let n(f) = f**3 - 4*f**2 + 7*f - 12. Let m be n(4). Let x(l) = -l**2 + 17*l - 5. Let j be x(m). What is the highest common divisor of j and 143?
11
Let f(a) = -3*a**3 + 26*a**2 + 9*a + 16. Let n be f(7). What is the highest common factor of n and 837?
27
Suppose -4*m = 2883 - 40791. Calculate the greatest common factor of 117 and m.
117
Let x = 44 - 43. Suppose 3*f - 2*f - x = -s, 3*f = -2*s + 3. Let d = 0 + 4. What is the greatest common factor of f and d?
1
Let o be 438 + (8 - (8 + -2)). Let h = -521 - -529. Calculate the highest common factor of o and h.
8
Let b(p) = -2*p**3 + 5*p**2 - 13*p - 57. Let g be b(-4). Let o be -3 + -15*8/(-12). What is the highest common divisor of g and o?
7
Suppose f + 7 = -5*p, 51 = 3*f + 4*p - 7*p. Let c(q) = -59*q + 104. Let b be c(-7). Suppose 8*k - 627 = b. Calculate the highest common factor of k and f.
13
Let w = -147 + 150. Suppose 1289 = 5*i + 2*t - t, -i = -w*t - 261. What is the highest common divisor of 6 and i?
6
Let a be ((-28)/44 - 1)*(-34 - -12). Suppose 5*f = 138 + 447. What is the greatest common divisor of f and a?
9
Suppose 71 = 7*z - 4*z - 253. Let m be (-8)/(-28) + (-124)/(-7). Calculate the highest common factor of z and m.
18
Let i(j) = j**3 + 84*j**2 + 84*j + 86. Let l be i(-83). Calculate the highest common factor of 13 and l.
1
Suppose -312 = 4*z + 2*z. Let n = -35 - z. Suppose 3*i + 1 = -11, 5*i = -5*q + 915. Calculate the highest common factor of n and q.
17
Let t(x) = x**3 - 23*x**2 - 47*x + 57. Let p be t(25). Calculate the highest common factor of 3256 and p.
44
Let d = -3084 + 3175. Calculate the highest common factor of 189 and d.
7
Suppose -26 = -2*p + 4*h, 3*p - 3*h - 21 = p. Suppose 7*u = 6*u - b + 1, -p*u - 4*b = 0. Calculate the highest common factor of 18 and u.
2
Suppose 2*o + 3*p - p - 8 = 0, 3*p = 5*o - 36. Suppose -13*j + o*j = 252. Let m be j/14*(0 - 14). Calculate the highest common divisor of m and 72.
36
Let h = -2943 - -1897. Let o = 1053 + h. Suppose 0 = 4*b - 2*y - 2*y - 240, 2*b - 138 = -4*y. What is the greatest common divisor of o and b?
7
Let k be ((-2)/(-5))/((-9)/(-45)). Suppose 4*w + 3*l - 215 = 0, 3*w - 156 = k*l - 6*l. What is the highest common divisor of w and 196?
28
Suppose 3*p - 4*j = -544 + 110, 3*p + 470 = -5*j. Let m be (-5)/(p/17674) + (-6)/45. What is the greatest common factor of 31 and m?
31
Let b = -21200 - -21827. What is the greatest common divisor of b and 198?
33
Suppose 0 = -0*x - 4*x - 2*r + 76, -46 = -2*x - 3*r. Suppose -4088 = 29*h - 11976. Calculate the highest common factor of h and x.
17
Let y = -179 + 324. Let g = y + -127. Calculate the highest common factor of g and 306.
18
Let p = 4460 + -3704. Calculate the highest common divisor of p and 156.
12
Suppose 5*g = o + 1300, 1160 = 4*g + 3*o + 101. What is the greatest common factor of 290 and g?
29
Suppose 2*d - 41*x + 44*x - 40 = 0, -5*d - 4*x = -107. What is the highest common factor of d and 4439?
23
Let t = -34 - -39. Suppose 4*s = -t*r + 20, 3*s = 3*r - 2*s + 25. Suppose -13*d + 9*d + 48 = r. What is the greatest common divisor of 3 and d?
3
Suppose 5*u - 160 = -3*k - 65, -k = 3*u - 53. Suppose 30*g = 26*g + u. Suppose 2*d - 15 + 3 = 0. What is the greatest common divisor of d and g?
2
Let g be 11*567/45 + (-4)/(-10). Let i = -121 + g. What is the highest common divisor of i and 72?
18
Let o(f) = f**2 - f - 11. 